. Let l = d + 96. Let h(g) = -12*g - 7 - 5 + 12. Give h(l).
-12
Let s(l) = -l**2 + 12*l. Let m(k) = -4*k**2 + 82*k - 7. Let q(y) = -m(y) + 5*s(y). Give q(-22).
7
Suppose 175 + 213 = 107*t - 254. Let z(n) = -2*n**3 + 12*n**2 + 12*n - 71. Give z(t).
1
Let v(b) = -2*b**3 + 7*b**2 + b - 8. Let d(o) = -63*o - 2390. Let w be d(-38). Calculate v(w).
-20
Suppose -2*r + 4 = 3*v + 2, -r = 4*v - 11. Let t be (-144)/(-45) + (-2 - 9/r). Let x(l) = -890 + t*l**2 - 2*l**2 + 10*l + 887. Determine x(-8).
-19
Let d(f) = -f**3 + 9*f**2 - 3*f - 35. Suppose -2*c = -5*s + 170 - 133, 0 = 2*s - c - 15. Calculate d(s).
42
Let t(p) = -p - 188. Let w(l) = -8*l - 1320. Let b(q) = 7*t(q) - w(q). Let x = -10 + 3. Let j(y) = y + 2. Let h be j(x). What is b(h)?
-1
Let z(d) = -2*d**2 - d + 1. Let l(v) = -21*v**2 + 10*v - 4. Let w(c) = -32*c**2 + 15*c - 6. Let i(o) = 8*l(o) - 5*w(o). Let n(j) = i(j) - 2*z(j). What is n(4)?
-40
Let f(l) = -l + 1. Let o = 3371 - 3363. Calculate f(o).
-7
Let b(o) = -o**2 + 12*o - 16. Let k be (-1)/(-3) - (-392)/12. Let p = k - 61. Let u = -17 - p. Calculate b(u).
-5
Let l be ((-3 - -3) + -6)/((-8)/8). Let a(v) = l*v + v**2 + 5 + 6 - 15 + 2. What is a(-7)?
5
Let h be (1/(19/(-10) - -2))/(-1). Let n(l) = 6*l**2 + 60*l + 8. Give n(h).
8
Let p(a) be the first derivative of -7*a**3/6 - 3*a**2/2 + 64*a + 68. Let x(u) be the first derivative of p(u). Calculate x(-2).
11
Let m(f) = -9*f - 1. Suppose -d + 106 + 80 = 0. Let b = d - 185. Determine m(b).
-10
Let b(z) = -z**3 - 9*z**2 + 15*z + 11. Let o(j) = j - 1. Let u(q) = b(q) - 4*o(q). Suppose 6*p + 53 = -y, 4*p - 20*y + 23*y = -19. Give u(p).
5
Let p be (36/(-8))/(18/12). Let b(u) = -u + 2. Let f(w) = 12*w - 26. Let r(m) = -10*b(m) - f(m). Determine r(p).
12
Let h(o) be the first derivative of o**2 - 6*o + 985. Give h(5).
4
Let s be (-29)/(-3) + -6 + 2 - 46/69. Let r(u) = 94*u - 460. What is r(s)?
10
Suppose 3*p = 5*p - 14. Let i(s) = 6*s - 377 - 378 + 1528 - 384 - 381. Determine i(p).
50
Let s(d) = -111*d - 891. Let r be s(-8). Let i(w) = 3*w**2 + 15*w - 3. What is i(r)?
-21
Let q = 1 - 7. Let n be 8 - ((-21 - 3) + 1). Let x(w) = -n*w - 2*w**3 + 2*w**3 + 20*w + 16*w - 5*w**2 - w**3. Calculate x(q).
6
Let a(v) = v**2 - 3*v - 5. Suppose 54 = -6*m + 7*m. Let u be -2*(275/10 - 3). Let f = u + m. Calculate a(f).
5
Let j(m) = -20*m**2 + 3*m + 2. Suppose 15*k = 13*k + 8, 3*k = -4*f + 8. Give j(f).
-21
Let a(q) be the first derivative of -q**7/420 + q**6/120 - q**5/60 - q**4/24 + 20*q**3/3 - 28. Let c(p) be the third derivative of a(p). Calculate c(2).
-9
Let b = 11 - 2. Let l = -64 - -65. Let n(g) = 6 - g - 2 - l. Give n(b).
-6
Let o(w) = -2 + 4*w**3 + 3*w + 5*w**2 - 3*w**3 + 3. Suppose -66*b + 8877 - 9207 = 0. Determine o(b).
-14
Let r(y) be the third derivative of -y**6/120 + 13*y**5/20 - 19*y**4/12 + 25*y**3/6 - 12739*y**2. Give r(38).
25
Let s(o) = -13*o**2 + 15*o - 1. Let i(a) = 8*a**2 - 7*a + 2. Let m(b) = -5*i(b) - 3*s(b). Give m(-8).
9
Let i(z) = z**2 - 9*z + 7. Let n(b) = 2*b**2 + 44*b - 89. Let o(x) = 14*x - 320. Let l be o(23). Let y be n(l). Determine i(y).
-7
Let f(k) = -k + 7. Let s(r) = 15*r**2 - 5*r - 2 - 3 + 3 - 12*r**2. Let u be s(4). Let x = -22 + u. What is f(x)?
3
Let f = 7040 + -7033. Let s(y) = y**3 - 7*y**2 + 5*y - 18. Calculate s(f).
17
Let q be (-2 - -8) + -1 + (-4 - -201). Let v(a) = -195*a**2 - 8*a + 12 - a**3 - a + q*a**2. What is v(6)?
-6
Let i = -14 - -16. Let w(z) = i*z - 4*z - 3*z + 4 + 3*z. Determine w(-2).
8
Let x(p) = -p**3 + 19*p**2 + 22*p - 27. Let o be x(20). Let u(b) = 10*b**2 - 2153 + 4303 - 2155 - o*b + b**3. Calculate u(-11).
17
Let g(s) be the first derivative of s**7/105 + s**6/360 - s**5/120 + s**4/24 - 65*s**3/3 - 89. Let x(j) be the third derivative of g(j). Give x(1).
9
Let i(k) = k + 4. Let d be i(-4). Let n = 1066 - 1061. Let r be 0 + d*n/(-10). Let y(z) = z + 3. What is y(r)?
3
Let v(d) be the third derivative of d**6/120 + 7*d**5/60 + d**3 - d**2 - 2124*d. Calculate v(-7).
6
Let m(l) = 16*l**2 - 50*l + 5. Let x(u) = 2*u**2 - 7*u + 1. Let p(y) = -2*m(y) + 15*x(y). Calculate p(-6).
-37
Let t(v) = -31*v + 3. Let j(q) = 7*q**2 - 207*q + 117. Let p be j(29). What is t(p)?
-28
Let a(d) be the third derivative of d**6/120 + 8*d**5/15 - 3*d**4/2 - 13*d**3 - 74*d**2 + 5. What is a(-33)?
21
Let u(t) = -7667 - 46*t + 7662 - 56*t + 109*t - t**2. Let i be -1 - (1 - (5 - -2)). Calculate u(i).
5
Let q(n) = 19*n - 585. Let y be q(31). Let v(r) be the third derivative of -11/6*r**3 + 0 + 0*r - 1/12*r**y + 14*r**2. Determine v(-9).
7
Let u = -223 + 227. Let p(y) = -4*y**2 + 3*y + 0 + 3*y**2 - 2*y + 4. What is p(u)?
-8
Suppose -3*a = 7 + 11. Let u be a/(-2)*1 + 12/(-4). Suppose -2*t - 3*z + 17 = 0, u*t + 2*z - 9 = t. Let n(h) = -h - 1. Determine n(t).
-2
Let r(u) = -3*u + 24. Let c be r(10). Let m be -70 + (12/c)/(-2*1). Let o = m + 75. Let d(w) = -w**2 + 3*w - 3. Give d(o).
-21
Let c = -7 - -5. Suppose -6 = -w - 4*w - 3*p, 5*p + 9 = -2*w. Let u(k) = -33 + 8*k + k**w - 37 + 72 - 5*k + 2*k**2. Determine u(c).
-4
Suppose 3*d + 6 = 3*m, -2*m - 4*d = -12 + 2. Let o(s) = -37*s**2 + 7 + 14*s**2 + 14*s**2 - 4*s**m + 3*s**3. Calculate o(-9).
7
Suppose -131 = 3*y + 5*w + 329, 3*w + 305 = -2*y. Let x = -137 - y. Let k(b) = -b + 3. What is k(x)?
-5
Let p(x) = -x**3 + 9*x**2 - 7*x - 5. Let t be (-1*(0 + 3))/((-6)/20). Suppose -t*r - 24 = -13*r. Suppose 0 = r*k - 42 - 22. What is p(k)?
3
Let d(u) = u**3 - 4*u**2 - 2*u - 9. Let p be 3/(-7) - 705/(-175) - (-44)/110. Calculate d(p).
-17
Suppose 0 = 81*j - 253*j. Let y(p) = -p**3 + p**2 - p + 9. Give y(j).
9
Let u(f) be the third derivative of -f**6/240 + f**5/40 - 5*f**4/24 + 3*f**2. Let i(v) be the second derivative of u(v). Let d = 202 - 198. What is i(d)?
-9
Suppose -256*f = -511*f + 223*f - 128. Let y(g) = -g**3 - 2*g**2 + 11*g + 11. Calculate y(f).
-1
Let a(i) = 5*i. Suppose -48 = 58*t + 85 + 99. What is a(t)?
-20
Let f(j) = -j**3 - 9*j**2 - 9*j - 7. Let t = -118 + 110. Let k be f(t). Let a(v) = -6*v**3 + 2*v - 1. Determine a(k).
-5
Suppose 0 = 52*g + 12614 - 41630. Let y = 561 - g. Let j(w) = w**2 - 5*w - 3*w + 0*w**2 + 3. What is j(y)?
-12
Let x(s) = 6*s**2 - s. Suppose -4*j + 9 = b, -5*j = -5*b + b + 57. Suppose -b = -5*p - 23. Let l be (-4)/p - ((-8)/(-4) - -1). Calculate x(l).
7
Let t be (-2)/12*(8 + -9) - 58/(-12). Let n(m) = -4*m**2 + 4*m - 33. Calculate n(t).
-113
Let g = 332 - 327. Suppose -5*k = -8*k - 4*z - 1, k = g*z - 32. Let w(c) = -c - 15. What is w(k)?
-8
Let o = -6151 + 6149. Let y(u) = 6*u**3 + 2*u**2 - 5*u - 9. Determine y(o).
-39
Let x(j) = j**3 + 4*j**2 + 3*j + 6. Let k(o) = -20 - o**2 + 10 - 10*o - 3*o. Let w be k(-10). Suppose -20 = 5*m + 6*z - z, 4*z = -5*m - w. What is x(m)?
-6
Let x(d) be the second derivative of -d**3/6 - 17*d**2/2 - 15*d. Suppose -4*a + 28*m = 30*m + 16, -3*a = -3*m + 39. Calculate x(a).
-10
Let v(k) be the first derivative of k**2 - 22*k + 1. Let p = -24121 - -24134. What is v(p)?
4
Let x(j) = j**2 - 1. Suppose 5*z - 235 = 2*y, -5*z + 0*z - 15 = 0. Let b = y - -120. Calculate x(b).
24
Let j(i) = -2*i**3 - i**2 - 2*i - 2. Let v = 441 + -442. What is j(v)?
1
Let y(t) be the second derivative of t**3/3 + 43*t**2/2 + 1186*t. Calculate y(0).
43
Let r(q) = q**3 - 4*q**2 - 6*q + 6. Let n = 1979 - 1975. What is r(n)?
-18
Let p(f) = -f**2 + 4*f - 6. Suppose -2*z + 9 = -5*n, -10*n + 9 = 3*z - 13*n. Let l(m) = -21*m + 46. Let c be l(z). What is p(c)?
-6
Let o = 855 + -805. Suppose 0 = 3*i - 3*y + 3 + 12, -2*y - o = 4*i. Let t(x) = x**3 + 8*x**2 - 19*x + 12. What is t(i)?
2
Let j(t) = -459*t**2 - 8*t + 19. Let s(u) = -57*u**2 - 2*u + 3. Let w(x) = -j(x) + 8*s(x). Let o(z) = -z**2 + 6*z. Let h be o(5). Determine w(h).
40
Let b = -4784 - -4784. Let n(f) be the third derivative of 0 - f**2 - 4/3*f**3 + 1/120*f**6 + 0*f**4 + 0*f - 1/60*f**5. What is n(b)?
-8
Let g be 75*(-8)/(-960) - 30/48. Let d(w) = -2*w**3 + w - 2. Let z be d(-2). Let l(i) = z - 2*i**2 + 4*i**2 - 3*i**2. Determine l(g).
12
Let z(k) be the first derivative of k**4/4 + 3*k**2/2 - 737. Determine z(3).
36
Let z(d) = -d**3 + 9*d**2 + 21*d - 14. Let n(b) = 12*b**3 - 35*b**2 + 29*b + 5. Let h be n(1). Determine z(h).
-25
Let i(r) = -r**2 - 9*r + 9. Let h be (-5 - -5)/(-6) - -3. Let b = h - 10. Calculate i(b).
23
Let f(q) be the first deriv